{"id":2457,"date":"2024-11-06T12:55:02","date_gmt":"2024-11-06T11:55:02","guid":{"rendered":"https:\/\/ashbcc.com\/?page_id=2457"},"modified":"2024-11-27T14:42:47","modified_gmt":"2024-11-27T13:42:47","slug":"avantages-licencie","status":"publish","type":"page","link":"https:\/\/ashbcc.com\/index.php\/avantages-licencie\/","title":{"rendered":"AVANTAGES LICENCIE"},"content":{"rendered":"\t\t<div data-elementor-type=\"wp-page\" data-elementor-id=\"2457\" class=\"elementor elementor-2457\">\n\t\t\t\t\t\t<section class=\"elementor-section elementor-top-section elementor-element elementor-element-8d27bc7 elementor-section-boxed elementor-section-height-default elementor-section-height-default wpr-particle-no wpr-jarallax-no wpr-parallax-no wpr-sticky-section-no wpr-column-slider-no wpr-equal-height-no elementor-invisible\" data-id=\"8d27bc7\" data-element_type=\"section\" data-e-type=\"section\" data-settings=\"{&quot;animation&quot;:&quot;fadeInDown&quot;}\">\n\t\t\t\t\t\t<div class=\"elementor-container elementor-column-gap-default\">\n\t\t\t\t\t<div class=\"elementor-column elementor-col-100 elementor-top-column elementor-element elementor-element-278beb4\" data-id=\"278beb4\" data-element_type=\"column\" data-e-type=\"column\">\n\t\t\t<div class=\"elementor-widget-wrap elementor-element-populated\">\n\t\t\t\t\t\t<div class=\"elementor-element elementor-element-2953408 elementor-widget elementor-widget-heading\" data-id=\"2953408\" data-element_type=\"widget\" data-e-type=\"widget\" data-widget_type=\"heading.default\">\n\t\t\t\t\t<h2 class=\"elementor-heading-title elementor-size-default\">AVANTAGES LICENCI\u00c9<\/h2>\t\t\t\t<\/div>\n\t\t\t\t\t<\/div>\n\t\t<\/div>\n\t\t\t\t\t<\/div>\n\t\t<\/section>\n\t\t\t\t<section class=\"elementor-section elementor-top-section elementor-element elementor-element-9ec5df0 elementor-section-boxed elementor-section-height-default elementor-section-height-default wpr-particle-no wpr-jarallax-no wpr-parallax-no wpr-sticky-section-no wpr-column-slider-no wpr-equal-height-no\" data-id=\"9ec5df0\" data-element_type=\"section\" data-e-type=\"section\">\n\t\t\t\t\t\t<div class=\"elementor-container elementor-column-gap-default\">\n\t\t\t\t\t<div class=\"elementor-column elementor-col-100 elementor-top-column elementor-element elementor-element-c8db154\" data-id=\"c8db154\" data-element_type=\"column\" data-e-type=\"column\">\n\t\t\t<div class=\"elementor-widget-wrap elementor-element-populated\">\n\t\t\t\t\t\t<div class=\"elementor-element elementor-element-dd235fc elementor-widget elementor-widget-text-editor\" data-id=\"dd235fc\" data-element_type=\"widget\" data-e-type=\"widget\" data-widget_type=\"text-editor.default\">\n\t\t\t\t\t\t\t\t\t<p><em>Nos partenaires majeurs offrent \u00e0 l&rsquo;ensemble de nos licenci\u00e9s des r\u00e9ductions exceptionnelles. N&rsquo;h\u00e9sitez-pas \u00e0 leur rendre visite et si vous craquez, montrez fi\u00e8rement votre licence !<\/em><\/p>\t\t\t\t\t\t\t\t<\/div>\n\t\t\t\t\t<\/div>\n\t\t<\/div>\n\t\t\t\t\t<\/div>\n\t\t<\/section>\n\t\t\t\t<section class=\"elementor-section elementor-top-section elementor-element elementor-element-61c93bd elementor-section-stretched elementor-section-boxed elementor-section-height-default elementor-section-height-default wpr-particle-no wpr-jarallax-no wpr-parallax-no wpr-sticky-section-no wpr-column-slider-no wpr-equal-height-no\" data-id=\"61c93bd\" data-element_type=\"section\" data-e-type=\"section\" data-settings=\"{&quot;stretch_section&quot;:&quot;section-stretched&quot;,&quot;background_background&quot;:&quot;gradient&quot;}\">\n\t\t\t\t\t\t\t<div class=\"elementor-background-overlay\"><\/div>\n\t\t\t\t\t\t\t<div class=\"elementor-container elementor-column-gap-default\">\n\t\t\t\t\t<div class=\"elementor-column elementor-col-50 elementor-top-column elementor-element elementor-element-98f6f8a\" data-id=\"98f6f8a\" data-element_type=\"column\" data-e-type=\"column\">\n\t\t\t<div class=\"elementor-widget-wrap elementor-element-populated\">\n\t\t\t\t\t\t<div class=\"elementor-element elementor-element-606fcf0 elementor-widget elementor-widget-image\" data-id=\"606fcf0\" data-element_type=\"widget\" data-e-type=\"widget\" data-widget_type=\"image.default\">\n\t\t\t\t\t\t\t\t\t\t\t\t\t\t\t<img fetchpriority=\"high\" decoding=\"async\" width=\"1024\" height=\"1024\" src=\"https:\/\/ashbcc.com\/wp-content\/uploads\/2024\/11\/Pizzacosy-PNG-1024x1024.png\" class=\"attachment-large size-large wp-image-2652\" alt=\"\" srcset=\"https:\/\/ashbcc.com\/wp-content\/uploads\/2024\/11\/Pizzacosy-PNG-1024x1024.png 1024w, https:\/\/ashbcc.com\/wp-content\/uploads\/2024\/11\/Pizzacosy-PNG-300x300.png 300w, https:\/\/ashbcc.com\/wp-content\/uploads\/2024\/11\/Pizzacosy-PNG-150x150.png 150w, https:\/\/ashbcc.com\/wp-content\/uploads\/2024\/11\/Pizzacosy-PNG-768x768.png 768w, https:\/\/ashbcc.com\/wp-content\/uploads\/2024\/11\/Pizzacosy-PNG-1536x1536.png 1536w, https:\/\/ashbcc.com\/wp-content\/uploads\/2024\/11\/Pizzacosy-PNG-600x600.png 600w, https:\/\/ashbcc.com\/wp-content\/uploads\/2024\/11\/Pizzacosy-PNG.png 2000w\" sizes=\"(max-width: 1024px) 100vw, 1024px\" \/>\t\t\t\t\t\t\t\t\t\t\t\t\t\t\t<\/div>\n\t\t\t\t\t<\/div>\n\t\t<\/div>\n\t\t\t\t<div class=\"elementor-column elementor-col-50 elementor-top-column elementor-element elementor-element-076199d elementor-invisible\" data-id=\"076199d\" data-element_type=\"column\" data-e-type=\"column\" data-settings=\"{&quot;background_background&quot;:&quot;classic&quot;,&quot;animation&quot;:&quot;fadeInRight&quot;}\">\n\t\t\t<div class=\"elementor-widget-wrap elementor-element-populated\">\n\t\t\t\t\t\t<div class=\"elementor-element elementor-element-3ef7b91 elementor-widget elementor-widget-heading\" data-id=\"3ef7b91\" data-element_type=\"widget\" data-e-type=\"widget\" data-widget_type=\"heading.default\">\n\t\t\t\t\t<h2 class=\"elementor-heading-title elementor-size-default\">M\u00eame les sportifs sont gourmands !<\/h2>\t\t\t\t<\/div>\n\t\t\t\t<div class=\"elementor-element elementor-element-0b89e48 elementor-widget elementor-widget-text-editor\" data-id=\"0b89e48\" data-element_type=\"widget\" data-e-type=\"widget\" data-widget_type=\"text-editor.default\">\n\t\t\t\t\t\t\t\t\t<p>Profitez de <strong>15% de r\u00e9duction<\/strong> gr\u00e2ce \u00e0 votre licence !\u00a0<\/p><p>Tent\u00e9(e) par une bonne pizza ? La meilleure vous attend chez <strong>Pizzacosy<\/strong> au 19 Boulevard de la R\u00e9publique, CHALON SUR SA\u00d4NE.<\/p>\t\t\t\t\t\t\t\t<\/div>\n\t\t\t\t<div class=\"elementor-element elementor-element-7e2b4f1 elementor-align-center elementor-widget elementor-widget-button\" data-id=\"7e2b4f1\" data-element_type=\"widget\" data-e-type=\"widget\" data-widget_type=\"button.default\">\n\t\t\t\t\t\t\t\t\t\t<a class=\"elementor-button elementor-button-link elementor-size-sm elementor-animation-grow\" href=\"https:\/\/pizzerias.pizzacosy.fr\/chalon-sur-saone-centre\/\" target=\"_blank\">\n\t\t\t\t\t\t<span class=\"elementor-button-content-wrapper\">\n\t\t\t\t\t\t<span class=\"elementor-button-icon\">\n\t\t\t\t<svg aria-hidden=\"true\" class=\"e-font-icon-svg e-fas-caret-right\" viewBox=\"0 0 192 512\" xmlns=\"http:\/\/www.w3.org\/2000\/svg\"><path d=\"M0 384.662V127.338c0-17.818 21.543-26.741 34.142-14.142l128.662 128.662c7.81 7.81 7.81 20.474 0 28.284L34.142 398.804C21.543 411.404 0 402.48 0 384.662z\"><\/path><\/svg>\t\t\t<\/span>\n\t\t\t\t\t\t\t\t\t<span class=\"elementor-button-text\">Commander<\/span>\n\t\t\t\t\t<\/span>\n\t\t\t\t\t<\/a>\n\t\t\t\t\t\t\t\t<\/div>\n\t\t\t\t\t<\/div>\n\t\t<\/div>\n\t\t\t\t\t<\/div>\n\t\t<\/section>\n\t\t\t\t<section class=\"elementor-section elementor-top-section elementor-element elementor-element-246d365 elementor-section-stretched elementor-reverse-mobile elementor-section-boxed elementor-section-height-default elementor-section-height-default wpr-particle-no wpr-jarallax-no wpr-parallax-no wpr-sticky-section-no wpr-column-slider-no wpr-equal-height-no\" data-id=\"246d365\" data-element_type=\"section\" data-e-type=\"section\" data-settings=\"{&quot;stretch_section&quot;:&quot;section-stretched&quot;,&quot;background_background&quot;:&quot;gradient&quot;}\">\n\t\t\t\t\t\t<div class=\"elementor-container elementor-column-gap-default\">\n\t\t\t\t\t<div class=\"elementor-column elementor-col-50 elementor-top-column elementor-element elementor-element-51851af elementor-invisible\" data-id=\"51851af\" data-element_type=\"column\" data-e-type=\"column\" data-settings=\"{&quot;background_background&quot;:&quot;classic&quot;,&quot;animation&quot;:&quot;fadeInRight&quot;}\">\n\t\t\t<div class=\"elementor-widget-wrap elementor-element-populated\">\n\t\t\t\t\t\t<div class=\"elementor-element elementor-element-d5b5b69 elementor-widget elementor-widget-heading\" data-id=\"d5b5b69\" data-element_type=\"widget\" data-e-type=\"widget\" data-widget_type=\"heading.default\">\n\t\t\t\t\t<h2 class=\"elementor-heading-title elementor-size-default\">le sport... mais pas que !<\/h2>\t\t\t\t<\/div>\n\t\t\t\t<div class=\"elementor-element elementor-element-10d5be4 elementor-widget elementor-widget-text-editor\" data-id=\"10d5be4\" data-element_type=\"widget\" data-e-type=\"widget\" data-widget_type=\"text-editor.default\">\n\t\t\t\t\t\t\t\t\t<p>Notre \u00e9quipementier aura \u00e9galement tout ce qu&rsquo;il vous faut pour vous \u00e9quiper et vous accompagner durant vos s\u00e9ances !\u00a0<\/p><p>Vous y retrouverez <strong>notre boutique officielle<\/strong>&#8230; mais pas que. Votre licence vous permet de b\u00e9n\u00e9ficier de r\u00e9ductions :<\/p>\t\t\t\t\t\t\t\t<\/div>\n\t\t\t\t<div class=\"elementor-element elementor-element-31524d4 elementor-widget__width-initial elementor-widget elementor-widget-text-editor\" data-id=\"31524d4\" data-element_type=\"widget\" data-e-type=\"widget\" data-widget_type=\"text-editor.default\">\n\t\t\t\t\t\t\t\t\t<ul style=\"text-align: center;\"><li style=\"text-align: left;\">-20% sur le rayon <strong>Sport Collectif\u00a0<\/strong><\/li><li style=\"text-align: left;\">-15% sur le rayon <strong>Junior<\/strong><\/li><li style=\"text-align: left;\">-10% sur le reste du magasin (<strong>We Are Select<\/strong> inclus)<\/li><\/ul>\t\t\t\t\t\t\t\t<\/div>\n\t\t\t\t\t<\/div>\n\t\t<\/div>\n\t\t\t\t<div class=\"elementor-column elementor-col-50 elementor-top-column elementor-element elementor-element-3da4f8e\" data-id=\"3da4f8e\" data-element_type=\"column\" data-e-type=\"column\">\n\t\t\t<div class=\"elementor-widget-wrap elementor-element-populated\">\n\t\t\t\t\t\t<div class=\"elementor-element elementor-element-bddb431 elementor-widget elementor-widget-image\" data-id=\"bddb431\" data-element_type=\"widget\" data-e-type=\"widget\" data-widget_type=\"image.default\">\n\t\t\t\t\t\t\t\t\t\t\t\t\t\t\t<img decoding=\"async\" width=\"1024\" height=\"1024\" src=\"https:\/\/ashbcc.com\/wp-content\/uploads\/2024\/11\/Sport-2000-PNG-1024x1024.png\" class=\"attachment-large size-large wp-image-2809\" alt=\"\" srcset=\"https:\/\/ashbcc.com\/wp-content\/uploads\/2024\/11\/Sport-2000-PNG-1024x1024.png 1024w, https:\/\/ashbcc.com\/wp-content\/uploads\/2024\/11\/Sport-2000-PNG-300x300.png 300w, https:\/\/ashbcc.com\/wp-content\/uploads\/2024\/11\/Sport-2000-PNG-150x150.png 150w, https:\/\/ashbcc.com\/wp-content\/uploads\/2024\/11\/Sport-2000-PNG-768x768.png 768w, https:\/\/ashbcc.com\/wp-content\/uploads\/2024\/11\/Sport-2000-PNG-1536x1536.png 1536w, https:\/\/ashbcc.com\/wp-content\/uploads\/2024\/11\/Sport-2000-PNG-600x600.png 600w, https:\/\/ashbcc.com\/wp-content\/uploads\/2024\/11\/Sport-2000-PNG.png 2000w\" sizes=\"(max-width: 1024px) 100vw, 1024px\" \/>\t\t\t\t\t\t\t\t\t\t\t\t\t\t\t<\/div>\n\t\t\t\t\t<\/div>\n\t\t<\/div>\n\t\t\t\t\t<\/div>\n\t\t<\/section>\n\t\t\t\t<\/div>\n\t\t","protected":false},"excerpt":{"rendered":"<p>AVANTAGES LICENCI\u00c9 Nos partenaires majeurs offrent \u00e0 l&rsquo;ensemble de nos licenci\u00e9s des r\u00e9ductions exceptionnelles. N&rsquo;h\u00e9sitez-pas \u00e0 leur rendre visite et si vous craquez, montrez fi\u00e8rement votre licence ! M\u00eame les sportifs sont gourmands ! Profitez de 15% de r\u00e9duction gr\u00e2ce \u00e0 votre licence !\u00a0 Tent\u00e9(e) par une bonne pizza ? La meilleure vous attend chez Pizzacosy au 19 Boulevard de la R\u00e9publique, CHALON SUR SA\u00d4NE. Commander le sport&#8230; mais pas que ! Notre \u00e9quipementier aura \u00e9galement tout ce qu&rsquo;il vous faut pour vous \u00e9quiper et vous accompagner durant vos s\u00e9ances !\u00a0 Vous y retrouverez notre boutique officielle&#8230; mais pas que. Votre licence vous permet de b\u00e9n\u00e9ficier de r\u00e9ductions : -20% sur le rayon Sport Collectif\u00a0 -15% sur le rayon Junior -10% sur le reste du magasin (We Are Select inclus)<\/p>\n","protected":false},"author":1,"featured_media":0,"parent":0,"menu_order":0,"comment_status":"closed","ping_status":"closed","template":"","meta":{"ocean_post_layout":"full-screen","ocean_both_sidebars_style":"","ocean_both_sidebars_content_width":0,"ocean_both_sidebars_sidebars_width":0,"ocean_sidebar":"","ocean_second_sidebar":"","ocean_disable_margins":"enable","ocean_add_body_class":"","ocean_shortcode_before_top_bar":"","ocean_shortcode_after_top_bar":"","ocean_shortcode_before_header":"","ocean_shortcode_after_header":"","ocean_has_shortcode":"","ocean_shortcode_after_title":"","ocean_shortcode_before_footer_widgets":"","ocean_shortcode_after_footer_widgets":"","ocean_shortcode_before_footer_bottom":"","ocean_shortcode_after_footer_bottom":"","ocean_display_top_bar":"default","ocean_display_header":"default","ocean_header_style":"","ocean_center_header_left_menu":"","ocean_custom_header_template":"","ocean_custom_logo":0,"ocean_custom_retina_logo":0,"ocean_custom_logo_max_width":0,"ocean_custom_logo_tablet_max_width":0,"ocean_custom_logo_mobile_max_width":0,"ocean_custom_logo_max_height":0,"ocean_custom_logo_tablet_max_height":0,"ocean_custom_logo_mobile_max_height":0,"ocean_header_custom_menu":"","ocean_menu_typo_font_family":"","ocean_menu_typo_font_subset":"","ocean_menu_typo_font_size":0,"ocean_menu_typo_font_size_tablet":0,"ocean_menu_typo_font_size_mobile":0,"ocean_menu_typo_font_size_unit":"px","ocean_menu_typo_font_weight":"","ocean_menu_typo_font_weight_tablet":"","ocean_menu_typo_font_weight_mobile":"","ocean_menu_typo_transform":"","ocean_menu_typo_transform_tablet":"","ocean_menu_typo_transform_mobile":"","ocean_menu_typo_line_height":0,"ocean_menu_typo_line_height_tablet":0,"ocean_menu_typo_line_height_mobile":0,"ocean_menu_typo_line_height_unit":"","ocean_menu_typo_spacing":0,"ocean_menu_typo_spacing_tablet":0,"ocean_menu_typo_spacing_mobile":0,"ocean_menu_typo_spacing_unit":"","ocean_menu_link_color":"","ocean_menu_link_color_hover":"","ocean_menu_link_color_active":"","ocean_menu_link_background":"","ocean_menu_link_hover_background":"","ocean_menu_link_active_background":"","ocean_menu_social_links_bg":"","ocean_menu_social_hover_links_bg":"","ocean_menu_social_links_color":"","ocean_menu_social_hover_links_color":"","ocean_disable_title":"on","ocean_disable_heading":"default","ocean_post_title":"","ocean_post_subheading":"","ocean_post_title_style":"","ocean_post_title_background_color":"","ocean_post_title_background":0,"ocean_post_title_bg_image_position":"","ocean_post_title_bg_image_attachment":"","ocean_post_title_bg_image_repeat":"","ocean_post_title_bg_image_size":"","ocean_post_title_height":0,"ocean_post_title_bg_overlay":0.5,"ocean_post_title_bg_overlay_color":"","ocean_disable_breadcrumbs":"default","ocean_breadcrumbs_color":"","ocean_breadcrumbs_separator_color":"","ocean_breadcrumbs_links_color":"","ocean_breadcrumbs_links_hover_color":"","ocean_display_footer_widgets":"default","ocean_display_footer_bottom":"default","ocean_custom_footer_template":"","footnotes":""},"class_list":["post-2457","page","type-page","status-publish","hentry","entry"],"yoast_head":"<!-- This site is optimized with the Yoast SEO plugin v27.6 - https:\/\/yoast.com\/product\/yoast-seo-wordpress\/ -->\n<title>AVANTAGES LICENCIE - Site officiel ASHBCC<\/title>\n<meta name=\"robots\" content=\"index, follow, max-snippet:-1, max-image-preview:large, max-video-preview:-1\" \/>\n<link rel=\"canonical\" href=\"https:\/\/ashbcc.com\/index.php\/avantages-licencie\/\" \/>\n<meta property=\"og:locale\" content=\"fr_FR\" \/>\n<meta property=\"og:type\" content=\"article\" \/>\n<meta property=\"og:title\" content=\"AVANTAGES LICENCIE - Site officiel ASHBCC\" \/>\n<meta property=\"og:description\" content=\"AVANTAGES LICENCI\u00c9 Nos partenaires majeurs offrent \u00e0 l&rsquo;ensemble de nos licenci\u00e9s des r\u00e9ductions exceptionnelles. N&rsquo;h\u00e9sitez-pas \u00e0 leur rendre visite et si vous craquez, montrez fi\u00e8rement votre licence ! M\u00eame les sportifs sont gourmands ! Profitez de 15% de r\u00e9duction gr\u00e2ce \u00e0 votre licence !\u00a0 Tent\u00e9(e) par une bonne pizza ? La meilleure vous attend chez Pizzacosy au 19 Boulevard de la R\u00e9publique, CHALON SUR SA\u00d4NE. Commander le sport&#8230; mais pas que ! Notre \u00e9quipementier aura \u00e9galement tout ce qu&rsquo;il vous faut pour vous \u00e9quiper et vous accompagner durant vos s\u00e9ances !\u00a0 Vous y retrouverez notre boutique officielle&#8230; mais pas que. Votre licence vous permet de b\u00e9n\u00e9ficier de r\u00e9ductions : -20% sur le rayon Sport Collectif\u00a0 -15% sur le rayon Junior -10% sur le reste du magasin (We Are Select inclus)\" \/>\n<meta property=\"og:url\" content=\"https:\/\/ashbcc.com\/index.php\/avantages-licencie\/\" \/>\n<meta property=\"og:site_name\" content=\"Site officiel ASHBCC\" \/>\n<meta property=\"article:publisher\" content=\"https:\/\/www.facebook.com\/ashbcchalon\" \/>\n<meta property=\"article:modified_time\" content=\"2024-11-27T13:42:47+00:00\" \/>\n<meta property=\"og:image\" content=\"https:\/\/ashbcc.com\/wp-content\/uploads\/2024\/11\/Pizzacosy-PNG.png\" \/>\n\t<meta property=\"og:image:width\" content=\"2000\" \/>\n\t<meta property=\"og:image:height\" content=\"2000\" \/>\n\t<meta property=\"og:image:type\" content=\"image\/png\" \/>\n<meta name=\"twitter:card\" content=\"summary_large_image\" \/>\n<meta name=\"twitter:label1\" content=\"Dur\u00e9e de lecture estim\u00e9e\" \/>\n\t<meta name=\"twitter:data1\" content=\"2 minutes\" \/>\n<script type=\"application\/ld+json\" class=\"yoast-schema-graph\">{\"@context\":\"https:\\\/\\\/schema.org\",\"@graph\":[{\"@type\":\"WebPage\",\"@id\":\"https:\\\/\\\/ashbcc.com\\\/index.php\\\/avantages-licencie\\\/\",\"url\":\"https:\\\/\\\/ashbcc.com\\\/index.php\\\/avantages-licencie\\\/\",\"name\":\"AVANTAGES LICENCIE - Site officiel ASHBCC\",\"isPartOf\":{\"@id\":\"https:\\\/\\\/ashbcc.com\\\/#website\"},\"primaryImageOfPage\":{\"@id\":\"https:\\\/\\\/ashbcc.com\\\/index.php\\\/avantages-licencie\\\/#primaryimage\"},\"image\":{\"@id\":\"https:\\\/\\\/ashbcc.com\\\/index.php\\\/avantages-licencie\\\/#primaryimage\"},\"thumbnailUrl\":\"https:\\\/\\\/ashbcc.com\\\/wp-content\\\/uploads\\\/2024\\\/11\\\/Pizzacosy-PNG-1024x1024.png\",\"datePublished\":\"2024-11-06T11:55:02+00:00\",\"dateModified\":\"2024-11-27T13:42:47+00:00\",\"breadcrumb\":{\"@id\":\"https:\\\/\\\/ashbcc.com\\\/index.php\\\/avantages-licencie\\\/#breadcrumb\"},\"inLanguage\":\"fr-FR\",\"potentialAction\":[{\"@type\":\"ReadAction\",\"target\":[\"https:\\\/\\\/ashbcc.com\\\/index.php\\\/avantages-licencie\\\/\"]}]},{\"@type\":\"ImageObject\",\"inLanguage\":\"fr-FR\",\"@id\":\"https:\\\/\\\/ashbcc.com\\\/index.php\\\/avantages-licencie\\\/#primaryimage\",\"url\":\"https:\\\/\\\/ashbcc.com\\\/wp-content\\\/uploads\\\/2024\\\/11\\\/Pizzacosy-PNG.png\",\"contentUrl\":\"https:\\\/\\\/ashbcc.com\\\/wp-content\\\/uploads\\\/2024\\\/11\\\/Pizzacosy-PNG.png\",\"width\":2000,\"height\":2000},{\"@type\":\"BreadcrumbList\",\"@id\":\"https:\\\/\\\/ashbcc.com\\\/index.php\\\/avantages-licencie\\\/#breadcrumb\",\"itemListElement\":[{\"@type\":\"ListItem\",\"position\":1,\"name\":\"Accueil\",\"item\":\"https:\\\/\\\/ashbcc.com\\\/\"},{\"@type\":\"ListItem\",\"position\":2,\"name\":\"AVANTAGES LICENCIE\"}]},{\"@type\":\"WebSite\",\"@id\":\"https:\\\/\\\/ashbcc.com\\\/#website\",\"url\":\"https:\\\/\\\/ashbcc.com\\\/\",\"name\":\"ashbcc.com\",\"description\":\"FIERS DE NOS COULEURS\",\"publisher\":{\"@id\":\"https:\\\/\\\/ashbcc.com\\\/#organization\"},\"potentialAction\":[{\"@type\":\"SearchAction\",\"target\":{\"@type\":\"EntryPoint\",\"urlTemplate\":\"https:\\\/\\\/ashbcc.com\\\/?s={search_term_string}\"},\"query-input\":{\"@type\":\"PropertyValueSpecification\",\"valueRequired\":true,\"valueName\":\"search_term_string\"}}],\"inLanguage\":\"fr-FR\"},{\"@type\":\"Organization\",\"@id\":\"https:\\\/\\\/ashbcc.com\\\/#organization\",\"name\":\"ASHBCC\",\"url\":\"https:\\\/\\\/ashbcc.com\\\/\",\"logo\":{\"@type\":\"ImageObject\",\"inLanguage\":\"fr-FR\",\"@id\":\"https:\\\/\\\/ashbcc.com\\\/#\\\/schema\\\/logo\\\/image\\\/\",\"url\":\"https:\\\/\\\/ashbcc.com\\\/wp-content\\\/uploads\\\/2024\\\/05\\\/Logo-Actuel-Bleu-PNG.png\",\"contentUrl\":\"https:\\\/\\\/ashbcc.com\\\/wp-content\\\/uploads\\\/2024\\\/05\\\/Logo-Actuel-Bleu-PNG.png\",\"width\":2000,\"height\":2000,\"caption\":\"ASHBCC\"},\"image\":{\"@id\":\"https:\\\/\\\/ashbcc.com\\\/#\\\/schema\\\/logo\\\/image\\\/\"},\"sameAs\":[\"https:\\\/\\\/www.facebook.com\\\/ashbcchalon\",\"https:\\\/\\\/www.instagram.com\\\/ashbcc_officiel\\\/\"]}]}<\/script>\n<!-- \/ Yoast SEO plugin. -->","yoast_head_json":{"title":"AVANTAGES LICENCIE - Site officiel ASHBCC","robots":{"index":"index","follow":"follow","max-snippet":"max-snippet:-1","max-image-preview":"max-image-preview:large","max-video-preview":"max-video-preview:-1"},"canonical":"https:\/\/ashbcc.com\/index.php\/avantages-licencie\/","og_locale":"fr_FR","og_type":"article","og_title":"AVANTAGES LICENCIE - Site officiel ASHBCC","og_description":"AVANTAGES LICENCI\u00c9 Nos partenaires majeurs offrent \u00e0 l&rsquo;ensemble de nos licenci\u00e9s des r\u00e9ductions exceptionnelles. N&rsquo;h\u00e9sitez-pas \u00e0 leur rendre visite et si vous craquez, montrez fi\u00e8rement votre licence ! M\u00eame les sportifs sont gourmands ! Profitez de 15% de r\u00e9duction gr\u00e2ce \u00e0 votre licence !\u00a0 Tent\u00e9(e) par une bonne pizza ? La meilleure vous attend chez Pizzacosy au 19 Boulevard de la R\u00e9publique, CHALON SUR SA\u00d4NE. Commander le sport&#8230; mais pas que ! Notre \u00e9quipementier aura \u00e9galement tout ce qu&rsquo;il vous faut pour vous \u00e9quiper et vous accompagner durant vos s\u00e9ances !\u00a0 Vous y retrouverez notre boutique officielle&#8230; mais pas que. Votre licence vous permet de b\u00e9n\u00e9ficier de r\u00e9ductions : -20% sur le rayon Sport Collectif\u00a0 -15% sur le rayon Junior -10% sur le reste du magasin (We Are Select inclus)","og_url":"https:\/\/ashbcc.com\/index.php\/avantages-licencie\/","og_site_name":"Site officiel ASHBCC","article_publisher":"https:\/\/www.facebook.com\/ashbcchalon","article_modified_time":"2024-11-27T13:42:47+00:00","og_image":[{"width":2000,"height":2000,"url":"https:\/\/ashbcc.com\/wp-content\/uploads\/2024\/11\/Pizzacosy-PNG.png","type":"image\/png"}],"twitter_card":"summary_large_image","twitter_misc":{"Dur\u00e9e de lecture estim\u00e9e":"2 minutes"},"schema":{"@context":"https:\/\/schema.org","@graph":[{"@type":"WebPage","@id":"https:\/\/ashbcc.com\/index.php\/avantages-licencie\/","url":"https:\/\/ashbcc.com\/index.php\/avantages-licencie\/","name":"AVANTAGES LICENCIE - Site officiel ASHBCC","isPartOf":{"@id":"https:\/\/ashbcc.com\/#website"},"primaryImageOfPage":{"@id":"https:\/\/ashbcc.com\/index.php\/avantages-licencie\/#primaryimage"},"image":{"@id":"https:\/\/ashbcc.com\/index.php\/avantages-licencie\/#primaryimage"},"thumbnailUrl":"https:\/\/ashbcc.com\/wp-content\/uploads\/2024\/11\/Pizzacosy-PNG-1024x1024.png","datePublished":"2024-11-06T11:55:02+00:00","dateModified":"2024-11-27T13:42:47+00:00","breadcrumb":{"@id":"https:\/\/ashbcc.com\/index.php\/avantages-licencie\/#breadcrumb"},"inLanguage":"fr-FR","potentialAction":[{"@type":"ReadAction","target":["https:\/\/ashbcc.com\/index.php\/avantages-licencie\/"]}]},{"@type":"ImageObject","inLanguage":"fr-FR","@id":"https:\/\/ashbcc.com\/index.php\/avantages-licencie\/#primaryimage","url":"https:\/\/ashbcc.com\/wp-content\/uploads\/2024\/11\/Pizzacosy-PNG.png","contentUrl":"https:\/\/ashbcc.com\/wp-content\/uploads\/2024\/11\/Pizzacosy-PNG.png","width":2000,"height":2000},{"@type":"BreadcrumbList","@id":"https:\/\/ashbcc.com\/index.php\/avantages-licencie\/#breadcrumb","itemListElement":[{"@type":"ListItem","position":1,"name":"Accueil","item":"https:\/\/ashbcc.com\/"},{"@type":"ListItem","position":2,"name":"AVANTAGES LICENCIE"}]},{"@type":"WebSite","@id":"https:\/\/ashbcc.com\/#website","url":"https:\/\/ashbcc.com\/","name":"ashbcc.com","description":"FIERS DE NOS COULEURS","publisher":{"@id":"https:\/\/ashbcc.com\/#organization"},"potentialAction":[{"@type":"SearchAction","target":{"@type":"EntryPoint","urlTemplate":"https:\/\/ashbcc.com\/?s={search_term_string}"},"query-input":{"@type":"PropertyValueSpecification","valueRequired":true,"valueName":"search_term_string"}}],"inLanguage":"fr-FR"},{"@type":"Organization","@id":"https:\/\/ashbcc.com\/#organization","name":"ASHBCC","url":"https:\/\/ashbcc.com\/","logo":{"@type":"ImageObject","inLanguage":"fr-FR","@id":"https:\/\/ashbcc.com\/#\/schema\/logo\/image\/","url":"https:\/\/ashbcc.com\/wp-content\/uploads\/2024\/05\/Logo-Actuel-Bleu-PNG.png","contentUrl":"https:\/\/ashbcc.com\/wp-content\/uploads\/2024\/05\/Logo-Actuel-Bleu-PNG.png","width":2000,"height":2000,"caption":"ASHBCC"},"image":{"@id":"https:\/\/ashbcc.com\/#\/schema\/logo\/image\/"},"sameAs":["https:\/\/www.facebook.com\/ashbcchalon","https:\/\/www.instagram.com\/ashbcc_officiel\/"]}]}},"_links":{"self":[{"href":"https:\/\/ashbcc.com\/index.php\/wp-json\/wp\/v2\/pages\/2457","targetHints":{"allow":["GET"]}}],"collection":[{"href":"https:\/\/ashbcc.com\/index.php\/wp-json\/wp\/v2\/pages"}],"about":[{"href":"https:\/\/ashbcc.com\/index.php\/wp-json\/wp\/v2\/types\/page"}],"author":[{"embeddable":true,"href":"https:\/\/ashbcc.com\/index.php\/wp-json\/wp\/v2\/users\/1"}],"replies":[{"embeddable":true,"href":"https:\/\/ashbcc.com\/index.php\/wp-json\/wp\/v2\/comments?post=2457"}],"version-history":[{"count":58,"href":"https:\/\/ashbcc.com\/index.php\/wp-json\/wp\/v2\/pages\/2457\/revisions"}],"predecessor-version":[{"id":3980,"href":"https:\/\/ashbcc.com\/index.php\/wp-json\/wp\/v2\/pages\/2457\/revisions\/3980"}],"wp:attachment":[{"href":"https:\/\/ashbcc.com\/index.php\/wp-json\/wp\/v2\/media?parent=2457"}],"curies":[{"name":"wp","href":"https:\/\/api.w.org\/{rel}","templated":true}]}}